
False
Is 12024427 prime?
False
Is 420083 a composite number?
True
Is 156350771 a prime number?
True
Is 136845389 prime?
True
Is 331911511 a composite number?
True
Is 49353043 a composite number?
True
Is 917219 a composite number?
False
Is 1721843 composite?
True
Is 6810271 a prime number?
False
Is 521930411 a prime number?
True
Is 41410933 prime?
True
Is 2759677 a prime number?
True
Is 4466563 a composite number?
True
Is 753107 prime?
False
Is 1977809 prime?
True
Is 14278087 a prime number?
False
Is 12079253 prime?
True
Is 118799 a prime number?
True
Is 1314851 composite?
False
Is 17959471 prime?
True
Is 528913183 a prime number?
True
Is 101175077 a composite number?
False
Is 264278219 a prime number?
True
Is 7852421 a composite number?
False
Is 3905177 a prime number?
True
Is 4354513 composite?
False
Is 109513109 composite?
True
Is 9436859 prime?
False
Is 210876163 a prime number?
False
Is 28599347 prime?
False
Is 6271701 prime?
False
Is 1348889 a prime number?
True
Is 55466341 a prime number?
False
Is 17048737 a prime number?
True
Is 98311121 a prime number?
False
Is 78421033 a prime number?
True
Is 4426091 a composite number?
False
Is 2783551 composite?
True
Is 1768489 a composite number?
True
Is 5726769 prime?
False
Is 163386733 composite?
True
Is 5889539 composite?
False
Is 20112193 prime?
False
Is 20555731 a prime number?
False
Is 14118353 prime?
False
Is 6530421 a prime number?
False
Is 143657 composite?
True
Is 3344921 a composite number?
False
Is 5258917 a prime number?
True
Is 3653089 composite?
True
Is 49232567 a prime number?
True
Is 1534289 a prime number?
True
Is 3660301 a composite number?
True
Is 37526887 a prime number?
True
Is 3033383 prime?
True
Is 10049 composite?
True
Is 55173277 a prime number?
False
Is 2794739 composite?
False
Is 16618531 a prime number?
True
Is 227466469 prime?
True
Is 5021603 a prime number?
False
Is 3824413 prime?
True
Is 175696069 prime?
False
Is 6875945 composite?
True
Is 14631779 prime?
True
Is 23446141 a composite number?
False
Is 25715527 a prime number?
False
Is 33553579 composite?
True
Is 146554729 prime?
True
Is 1885307 composite?
False
Is 570320383 a composite number?
False
Is 134633981 a prime number?
False
Is 131927909 a prime number?
False
Is 23083213 a prime number?
False
Is 194727641 a prime number?
True
Is 1539389 composite?
False
Is 3941131 prime?
False
Is 14168937 prime?
False
Is 179949049 a prime number?
False
Is 496669 a composite number?
False
Is 4083239 a composite number?
False
Is 75729967 a prime number?
False
Is 1681373 composite?
True
Is 1251011 prime?
True
Is 34544293 a composite number?
True
Is 2123249 a prime number?
False
Is 131272673 prime?
False
Is 189277903 a composite number?
True
Is 26395 composite?
True
Is 214129 composite?
False
Is 11526721 a composite number?
True
Is 6104119 a prime number?
False
Is 2566589 prime?
True
Is 714551063 composite?
True
Is 466794431 prime?
True
Is 26121761 composite?
False
Is 31635397 a composite number?
True
Is 70517257 a prime number?
True
Is 7900405 prime?
False
Is 982613561 a composite number?
False
Is 7511659 a prime number?
True
Is 980069 prime?
True
Is 95372629 a composite number?
True
Is 9607879 a prime number?
True
Is 3232487 a prime number?
False
Is 23674747 a prime number?
True
Is 270530203 composite?
True
Is 6198317 a composite number?
False
Is 179713 a composite number?
True
Is 4240682 a composite number?
True
Is 166903027 a prime number?
True
Is 1755047 composite?
True
Is 51754213 a composite number?
True
Is 19041443 prime?
True
Is 78050135 prime?
False
Is 966689 a prime number?
False
Is 4085309 a composite number?
False
Is 16458523 a prime number?
True
Is 1925903 prime?
False
Is 338051809 composite?
False
Is 26418178 a prime number?
False
Is 5431493 prime?
False
Is 85502167 prime?
True
Is 31445023 prime?
False
Is 30973105 a composite number?
True
Is 18428321 a prime number?
True
Is 1050163 a composite number?
True
Is 5351299 composite?
False
Is 87667891 a prime number?
True
Is 8626043 composite?
False
Is 339696349 prime?
True
Is 5928899 prime?
True
Is 301586995 a prime number?
False
Is 641373 prime?
False
Is 819143903 a prime number?
False
Is 410899 composite?
False
Is 31431539 prime?
True
Is 119323921 prime?
False
Is 60906089 composite?
False
Is 14757481 prime?
True
Is 1131551 a composite number?
True
Is 51231 prime?
False
Is 23058187 a composite number?
True
Is 4416979 a composite number?
True
Is 37170277 a composite number?
True
Is 4345423 a composite number?
False
Is 385038187 prime?
False
Is 458723 a composite number?
True
Is 32586679 composite?
True
Is 17040809 composite?
False
Is 119076623 a composite number?
False
Is 3090805 composite?
True
Is 1740451 a composite number?
False
Is 254718569 prime?
False
Is 43322963 composite?
False
Is 244913 a prime number?
False
Is 307757929 a composite number?
False
Is 319987357 prime?
True
Is 125372083 a prime number?
False
Is 2831839 a prime number?
True
Is 36447587 composite?
True
Is 1220785 composite?
True
Is 6892121 prime?
False
Is 1659373 a prime number?
True
Is 1400923 a prime number?
True
Is 23978833 a composite number?
False
Is 5299781 composite?
True
Is 7639663 a prime number?
True
Is 29476741 a composite number?
True
Is 1836911 a composite number?
False
Is 16206671 prime?
False
Is 21968753 composite?
False
Is 12983395 prime?
False
Is 360060321 a prime number?
False
Is 37691761 a prime number?
False
Is 264390277 a prime number?
False
Is 4127539 a composite number?
True
Is 17794541 composite?
False
Is 13666091 prime?
True
Is 32935439 a composite number?
True
Is 18139481 prime?
True
Is 5368361 composite?
True
Is 560467 prime?
False
Is 182698573 prime?
True
Is 3217915 a composite number?
True
Is 24558619 composite?
True
Is 75523 a composite number?
True
Is 2382739 prime?
True
Is 7662659 a prime number?
True
Is 3902023 composite?
True
Is 32645969 prime?
True
Is 34553921 prime?
True
Is 48778289 a composite number?
True
Is 2047681 a prime number?
False
Is 21861649 prime?
True
Is 16514229 a prime number?
False
Is 10336279 prime?
False
Is 26864101 a composite number?
True
Is 4152745 composite?
True
Is 527869 prime?
True
Is 490559 a composite number?
False
Is 14012189 composite?
False
Is 524945933 prime?
False
Is 4541239 a composite number?
True
Is 88788013 prime?
False
Is 4275119 a composite number?
False
Is 50982937 prime?
False
Is 17005613 prime?
False
Is 176066929 composite?
False
Is 607183 a prime number?
False
Is 90667869 prime?
False
Is 2765333 a composite number?
False
Is 562740037 a composite number?
True
Is 186146141 a composite number?
True
Is 749843 a composite number?
False
Is 211711 a prime number?
True
Is 205084393 a composite number?
False
Is 2063849 a composite number?
True
Is 380997377 prime?
True
Is 99046 a composite number?
True
Is 4897699 composite?
True
Is 28197289 prime?
True
Is 39929213 a composite number?
False
Is 32675309 a composite number?
True
Is 13091773 a prime number?
True
Is 625832063 prime?
True
Is 22727189 prime?
True
Is 18611653 composite?
True
Is 131571617 a composite number?
True
Is 4115113 prime?
False
Is 317159 a composite number?
False
Is 459379 prime?
False
Is 5884709 prime?
False
Is 568031 a composite number?
True
Is 95428969 prime?
True
Is 125612407 composite?
True
Is 9032957 a prime number?
False
Is 3855667 a prime number?
True
Is 2409169 composite?
True
Is 8992613 a prime number?
False
Is 12498721 a composite number?
True
Is 2175191 a composite number?
False
Is 4596967 prime?
True
Is 1087951 a prime number?
False
Is 1513717 a composite number?
False
Is 267836429 a composite number?
True
Is 410662129 composite?
False
Is 26102347 a prime number?
True
Is 244072603 a prime number?
True
Is 2167141 prime?
False
Is 1127443 a composite number?
False
Is 113204251 prime?
False
Is 778633 prime?
True
Is 229139041 composite?
True
Is 79010879 a composite number?
False
Is 387341 a composite number?
False
Is 373049509 prime?
False
Is 23370821 a composite number?
False
Is 115250509 composite?
True
Is 2244145 composite?
True
Is 683593 composite?
True
Is 274031 composite?
True
Is 248345837 a composite number?
True
Is 170921503 composite?
True
Is 49242751 prime?
True
Is 7716473 prime?
True
Is 149224241 a prime number?
False
Is 10957319 prime?
False